)/25 + 5 - 6032/(-40). What is the greatest common divisor of 240 and x?
30
Suppose 5*a - s - 79 = 0, a + 5 = s + 24. Calculate the highest common divisor of 20 and a.
5
Let d(b) = 2*b**2 - 12*b + 4. Let y be d(6). Suppose 5 = -a - 4*j - 3, 20 = -y*j. Let f be (-759)/(-9) + (-1)/3. What is the greatest common factor of f and a?
12
Let x = 33 - 12. Let a = 6 + -3. Suppose s + 1 = p, a*p - x = -3*s - 2*p. What is the greatest common factor of 10 and s?
2
Let v(c) = 22*c - 70. Let r be v(4). Calculate the highest common factor of 246 and r.
6
Suppose -5*t = -3*t - 4. Suppose -2*a + 2 + t = 0. Suppose -a*s - 4 = 2*g, 2*g - 8 = -5*s - 27. Calculate the greatest common divisor of 1 and g.
1
Let s = 2288 + -2264. Calculate the greatest common factor of s and 1236.
12
Let j = 225 + -51. Suppose 2*c + j = 5*d, -d + 33 = 4*c - 5*c. Calculate the highest common factor of d and 9.
9
Let z = -35 + 65. Let w(f) = f**2 + 8*f + 3. Let l be w(-8). Suppose l*o - 5*n = 85, n - 4*n = -4*o + 95. Calculate the greatest common divisor of z and o.
10
Let b = 122 + -118. Calculate the greatest common divisor of 124 and b.
4
Let d = -263 - -301. Let x = 230 - 135. What is the greatest common factor of x and d?
19
Suppose 218 = p - 34. What is the highest common divisor of 72 and p?
36
Suppose 52 - 109 = -3*g. Suppose 0 = -3*z + 5*s + 184, -z - 3 = -4*s - 76. Let m = z - 34. Calculate the highest common divisor of g and m.
19
Let m = 1009 - 1007. Let w(a) = a**2 + a - 2. Let q be w(4). What is the greatest common divisor of m and q?
2
Let t be (-2)/3*(-1953)/62. Suppose 0 = -4*f - 5*d, -5*f - 5*d = -2*f. Suppose -2*x + 246 + 132 = f. What is the highest common divisor of t and x?
21
Suppose 2*b + 27 - 5 = 5*t, 5*t = 10. Let u be (-2)/(-12)*369 - b/(-4). What is the highest common factor of u and 15?
15
Let n = 32 + -17. Suppose 4*p + 16 = -0*p. Let i = p + n. What is the highest common factor of 44 and i?
11
Suppose -c = -5*c + 76. Suppose 5*u = l - c, 0 = -2*l + 2*u + u + 17. Calculate the highest common factor of 10 and l.
2
Let y(f) = 3*f + 4. Let s = -15 + 12. Let j be y(s). Let p be 2/(-10) + (-151)/j. Calculate the greatest common factor of 6 and p.
6
Let l be (6/(-12))/((-2)/(-188)). Let y = -32 - l. Suppose y = t + m + 4, -3*t - 2*m = -34. What is the highest common divisor of t and 108?
12
Let f = 146 - 202. Let d = f + 72. Calculate the greatest common factor of d and 112.
16
Suppose -2*x + 4*m + 572 = 0, -4*m - 74 = x - 342. What is the greatest common divisor of 10 and x?
10
Let o be 48*5*63/45. What is the highest common factor of o and 21?
21
Let o(a) = -a**2 + 51*a - 290. Let l be o(13). Let j be ((-9)/(-6))/((-1)/(-34)). What is the greatest common divisor of j and l?
51
Let y(g) = g**2 - g + 12. Let d be y(0). Suppose 0 = 5*q - 0*q + 20. Let i = q + d. Calculate the greatest common factor of 56 and i.
8
Let v(c) = 5*c - 18. Let z be (1 - 3)/((-3)/18). Let u be v(z). Calculate the highest common divisor of 28 and u.
14
Let x be ((-24)/(-16))/((-1)/8). Let d(t) = -t**2 - 17*t - 20. Let q be d(x). What is the highest common factor of 10 and q?
10
Let s(l) = -3*l**2 - 4*l - 10. Let q be s(-9). Let g = -93 - q. Suppose -28 = -d + g. What is the highest common factor of d and 19?
19
Let o = 37 - 53. Let a be (-2)/(-3) - o/3. Suppose h - a = 15. Calculate the greatest common factor of 147 and h.
21
Let k = -46 - -50. Suppose 4*x + 3*d = -0*d + 97, 137 = k*x - 5*d. What is the highest common divisor of x and 42?
14
Suppose -125*m - 216 = -126*m. Calculate the greatest common factor of 8 and m.
8
Let q = -64 + 173. Suppose -107 = -2*j - 101. Let x be (q - 1)/(j/2). What is the highest common divisor of 48 and x?
24
Let b be (32 - 30)*(-406)/(-4). What is the highest common divisor of b and 58?
29
Let v = -536 + 574. What is the greatest common divisor of v and 304?
38
Suppose -614 = 8*s - 838. What is the highest common divisor of 1036 and s?
28
Suppose -13 = -h - 0*a + 2*a, 0 = -4*h + 2*a + 28. Suppose -5 + 10 = h*m. What is the highest common divisor of m and 23?
1
Suppose 7*j - 48 = 22. Suppose 2*i = 16 + j. Let l be 2/((-4)/(-390)*3). Calculate the greatest common factor of l and i.
13
Let d be (13/(-2) + 3)*-6. Let k = d - 14. Suppose 2*m = 3*m - 14. What is the highest common divisor of k and m?
7
Let y(a) = 5*a**2 + 3*a - 1. Let b(p) = p + 6. Let h be b(-4). Let j be y(h). Suppose 8*i = 717 + 1483. Calculate the highest common divisor of i and j.
25
Suppose -48 + 9 = -3*d. Suppose 0 = -k - 2 + d. What is the greatest common divisor of k and 1?
1
Suppose -14*v + 1516 - 284 = 0. What is the highest common factor of v and 16?
8
Let b = -2407 - -2532. Calculate the highest common divisor of 30 and b.
5
Let a = 0 + 2. Let x be -4 - ((1 - 0) + a). Let g be (6/x)/((-1)/14). What is the greatest common divisor of g and 36?
12
Let w(t) = t**3 + 10*t**2 + 16*t - 20. Let r be w(-7). Calculate the highest common divisor of 30 and r.
15
Let x = 23 - 3. Let s = -129 + 133. What is the highest common factor of s and x?
4
Suppose n = -4*n - u + 25, 0 = 3*u - 15. Let q(t) = t**3 - 3*t**2 + 3*t - 10. Let l be q(n). Calculate the highest common divisor of 144 and l.
18
Suppose 4*o - 250 = -0*s - 2*s, s - 121 = 2*o. Let m be (-15)/(-20)*(-11)/((-132)/1312). Calculate the highest common factor of m and s.
41
Let m(j) = 2*j**2 + 10*j + 37. Let a be m(-13). Calculate the highest common divisor of a and 5.
5
Let o be -1 + 8/(-2) - -100. What is the greatest common factor of o and 209?
19
Let c(d) = -15*d**2 + d - 2. Let n be c(1). Let u = 44 - n. Calculate the highest common divisor of u and 150.
30
Suppose 0 = 5*m + 4*z - 141, -52*m + 48*m + 102 = 5*z. Let v(f) = 30*f - 3. Let i be v(2). Let q be i/5 - 2/5. Calculate the greatest common divisor of m and q.
11
Let w(x) = 3*x**2 - 4*x. Suppose 0 = z + 3*q - 1, -z - 7*q = -3*q. Let m be w(z). What is the greatest common factor of 48 and m?
16
Let a be 2*-2 - (-12)/((-144)/(-876)). What is the greatest common factor of a and 69?
69
Suppose -22*o + 1044 = -10*o. What is the highest common factor of o and 6?
3
Let o be (2 + 0 + 25)*5. What is the highest common factor of 27 and o?
27
Let l(o) = 4*o**2 - 2*o**3 - o - 9*o**2 - 7 + 3. Let k be l(-4). Suppose 0 = 7*q - 10*q + 18. Calculate the greatest common factor of k and q.
6
Suppose -6*b = -18*b + 180. Calculate the greatest common factor of 960 and b.
15
Let h be -3*19*(0 - 1). Calculate the highest common divisor of h and 57.
57
Suppose 0 = -124*u + 126*u - 352. What is the highest common factor of u and 11?
11
Let a = -176 + 326. Suppose 45 = -13*j + 16*j. Calculate the greatest common factor of a and j.
15
Let p = 13 + 42. Let t = -119 + p. Let d be (t/(-12))/((-2)/(-33)). Calculate the greatest common divisor of 8 and d.
8
Let k be (-2)/6 - (-4)/(-6). Let u be (-4)/6*(k + -5). Suppose u*f - 128 = 232. Calculate the greatest common divisor of 18 and f.
18
Suppose 35 = 5*v - 15. Let o be v/3 - (-20)/30. Let b(c) = 3*c**2 - c - 9. Let x be b(o). Calculate the highest common divisor of x and 14.
7
Let b be ((-48)/9)/((30/(-9))/5). Calculate the highest common divisor of b and 10.
2
Let x(t) = 8*t**3 - 3*t**2 - 2*t + 1. Let c be x(3). Calculate the greatest common divisor of c and 8.
8
Suppose 152 = 4*f - 40. Calculate the greatest common divisor of f and 1128.
24
Let h(z) be the second derivative of z**4/12 + 4*z**3/3 + 15*z**2/2 + 4*z. Let b be h(-6). Calculate the highest common divisor of 3 and b.
3
Suppose 9*q - 324 = -3*q. What is the highest common divisor of 90 and q?
9
Let j be (1/(-2))/1*-570. Let c be 31312/j + 2/(-15)*-1. What is the highest common divisor of c and 22?
22
Let i = 8 - 14. Let f be (495/(-10))/(i/8). Suppose c - 5*a + 105 = 6*c, -18 = -c - 4*a. Calculate the highest common divisor of f and c.
22
Suppose b + 4*n - 7 = 0, -3*n + 4*n = -2. What is the greatest common factor of b and 465?
15
Let n be 4/(-26) - 5472/(-416). Calculate the greatest common divisor of 52 and n.
13
Suppose 2*z - 3*h - 776 = 0, 4*z + 2*h + 0*h = 1536. What is the greatest common divisor of z and 35?
35
Let g = 304 - 296. Let b be (-108)/(-45)*(-80)/(-3). Calculate the greatest common factor of b and g.
8
Let q = -189 + 238. Calculate the greatest common factor of 245 and q.
49
L